{"id":2213,"date":"2025-10-15T09:50:15","date_gmt":"2025-10-15T07:50:15","guid":{"rendered":"https:\/\/www.dehn.de\/de-DE\/nachhaltigkeitsbericht\/?page_id=2213"},"modified":"2025-10-16T11:00:20","modified_gmt":"2025-10-16T09:00:20","slug":"interview","status":"publish","type":"page","link":"https:\/\/www.dehn.de\/de-DE\/nachhaltigkeitsbericht\/interview\/","title":{"rendered":"Im Gespr\u00e4ch mit unserem CEO Dr. Philipp Dehn\u00a0"},"content":{"rendered":"<div class=\"gb-container gb-container-d2888456\">\n<div class=\"gb-container gb-container-b1d3ce52\">\n<div class=\"gb-container gb-container-38eb70ee\">\n\n<p class=\"gb-headline gb-headline-1ac95ed3 gb-headline-text\"><a href=\"..\/\">zur\u00fcck zur \u00dcbersicht<\/a><\/p>\n\n<\/div>\n\n<div class=\"gb-container gb-container-85de1d1d\">\n<div class=\"gb-container gb-container-840331b8 aos-fade aos-once-false\" data-aos-anchor-placement=\"center-bottom\">\n\n<h3 class=\"gb-headline gb-headline-ee422222 aos-fade aos-once-false\" data-aos-anchor-placement=\"bottom-bottom\"><span class=\"gb-icon\"><svg xmlns=\"http:\/\/www.w3.org\/2000\/svg\" fill=\"none\" viewBox=\"0 0 196 196\" height=\"196\" width=\"196\"> <path fill=\"#35C700\" d=\"M90.4112 31.097C90.0068 29.5877 90.8906 28.0568 92.4808 27.9542C108.986 26.7669 125.739 31.3365 139.944 42.089C170.73 65.2217 177.003 109.158 153.568 140.025L143.781 153L170.344 145.883C171.551 145.559 173.001 146.141 173.405 147.65C173.729 148.858 172.845 150.389 171.638 150.712L137.83 159.771C136.321 160.175 135.092 159.211 134.768 158.003L125.71 124.196C125.305 122.687 125.968 121.538 127.477 121.134C128.685 120.81 130.135 121.392 130.539 122.902L138.304 151.879L149.8 136.829C171.305 108.42 165.539 67.5831 136.748 45.8571C123.772 36.0694 108.086 31.8609 92.8693 33.0265C91.581 33.0482 90.7347 32.3044 90.4112 31.097ZM61.1908 37.956L70.2494 71.7634C70.5729 72.9708 69.6891 74.5017 68.4817 74.8252C66.9724 75.2297 65.7433 74.2649 65.4198 73.0575L57.4935 43.476L45.6953 58.6077C24.1903 87.0166 29.9561 127.853 58.6669 149.277C71.7231 159.367 87.4094 163.575 102.626 162.41C103.834 162.086 105.063 163.051 105.386 164.259C105.791 165.768 104.605 167.38 103.015 167.482C86.8115 168.589 69.7561 164.1 55.5516 153.347C24.7654 130.215 18.4927 86.2786 41.9272 55.4115L51.5748 43.1207L25.6156 50.0765C24.1063 50.4809 22.8772 49.5162 22.5537 48.3087C22.1493 46.7995 22.8122 45.6513 24.3215 45.2469L58.1289 36.1882C59.3363 35.8647 60.7863 36.4467 61.1908 37.956Z\"><\/path> <path fill=\"#35C700\" d=\"M86.7525 99.8632C88.5926 98.3996 90.8258 97.3159 93.2708 96.6608L101.964 94.3314C102.689 94.1373 103.607 94.6676 103.801 95.3921C104.02 96.2071 103.465 97.0351 102.741 97.2292L94.0472 99.5586C91.4211 100.262 89.1459 101.551 87.2881 103.311C89.2712 110.35 96.5712 114.411 103.725 112.495C113.596 109.85 119.892 97.4865 116.276 83.9937C115.718 81.9109 114.913 79.9915 114.041 78.1869C112.244 80.9005 109.505 82.9933 106.155 83.8911L96.7369 86.4145C90.5792 88.0645 86.5579 93.7037 86.7525 99.8632ZM83.9293 102.367C82.4699 94.0226 87.6294 85.7491 95.9605 83.5168L105.378 80.9933C108.548 80.144 110.967 77.9429 112.262 75.1695L112.237 75.079C112.436 74.7345 112.545 74.4143 112.653 74.0941C112.695 73.8887 112.803 73.5685 112.821 73.2726C113.038 72.6322 113.919 72.299 114.361 72.8601C114.548 73.1981 114.712 73.4455 114.899 73.7834C115.087 74.1214 115.341 74.3445 115.528 74.6825L115.553 74.773C117.12 77.3619 118.349 80.1383 119.174 83.2172C123.08 97.7967 116.545 112.165 104.592 115.368L104.502 115.392C96.3515 117.576 88.049 113.395 84.9419 105.784C82.1204 109.742 81.0454 114.786 82.3799 119.767L83.1564 122.665C83.3748 123.48 82.8202 124.308 82.0957 124.502C81.2807 124.72 80.477 124.256 80.2586 123.441L79.4822 120.543C77.7109 113.933 79.5748 107.125 83.9293 102.367Z\"><\/path> <\/svg><\/span><span class=\"gb-headline-text\">Update 2024\/25<\/span><\/h3>\n\n<\/div>\n\n\n<h1 class=\"gb-headline gb-headline-40f42933 gb-headline-text aos-fade aos-once-false\" data-aos-anchor-placement=\"center-bottom\">\u201eGenerationen\u00ad\u00fcbergreifendes Denken liegt in der DNA unseres Unternehmens\u201c<\/h1>\n\n\n\n<figure class=\"gb-block-image gb-block-image-b3474f9b\"><img loading=\"lazy\" decoding=\"async\" width=\"800\" height=\"500\" class=\"gb-image gb-image-b3474f9b aos-fade aos-once-false aos-delay-400\" src=\"https:\/\/www.dehn.de\/de-DE\/nachhaltigkeitsbericht\/wp-content\/uploads\/2025\/10\/Portrait_DrDehn-1.jpg\" alt=\"\" title=\"Portrait_DrDehn-1\" srcset=\"https:\/\/www.dehn.de\/de-DE\/nachhaltigkeitsbericht\/wp-content\/uploads\/2025\/10\/Portrait_DrDehn-1.jpg 800w, https:\/\/www.dehn.de\/de-DE\/nachhaltigkeitsbericht\/wp-content\/uploads\/2025\/10\/Portrait_DrDehn-1-300x188.jpg 300w, https:\/\/www.dehn.de\/de-DE\/nachhaltigkeitsbericht\/wp-content\/uploads\/2025\/10\/Portrait_DrDehn-1-768x480.jpg 768w\" sizes=\"auto, (max-width: 800px) 100vw, 800px\" \/><\/figure>\n\n\n\n<p class=\"gb-headline gb-headline-11a8677e gb-headline-text p2 aos-fade aos-once-false \" data-aos-anchor-placement=\"center-bottom\"><strong>Wir hatten die Gelegenheit, mit Dr. Philipp Dehn, CEO der DEHN SE und Ur-Enkel des Firmengr\u00fcnders, \u00fcber die Bedeutung des Themas Nachhaltigkeit zu sprechen \u2013 aus unternehmerischer und aus pers\u00f6nlicher Sicht.&nbsp;<\/strong>&nbsp;<\/p>\n\n\n\n<p class=\"gb-headline gb-headline-96355719 gb-headline-text aos-fade aos-once-false \" data-aos-anchor-placement=\"center-bottom\"><em><strong><em>Herr Dr. Dehn, Ihr Unternehmen hat im vergangenen Jahr einen umfassenden Nachhaltigkeitsbericht ver\u00f6ffentlicht und kn\u00fcpft dieses Jahr mit einem Update daran an. Warum?<\/em>&nbsp;<\/strong><\/em><\/p>\n\n\n\n<p class=\"gb-headline gb-headline-1a9611b1 gb-headline-text aos-fade aos-once-false \" data-aos-anchor-placement=\"center-bottom\">Um transparent zu sein \u2013 sowohl in Bezug auf unsere Nachhaltigkeitsstrategie als auch auf die damit verbunden Ziele und Ma\u00dfnahmen. Wir m\u00f6chten zeigen, was wir schon erreicht haben, scheuen uns aber auch nicht davor, die Dinge anzusprechen, bei denen wir noch besser werden k\u00f6nnen. Und weil wir deutlich machen wollen, dass f\u00fcr uns \u00f6kologische und soziale Aspekte genauso wichtig sind wie unsere finanzielle Leistung. Daher war es f\u00fcr uns selbstverst\u00e4ndlich, diese Transparenz gegen\u00fcber unseren Stakeholdern herzustellen.<\/p>\n\n\n\n<p class=\"gb-headline gb-headline-b291e8e1 gb-headline-text aos-fade aos-once-false \" data-aos-anchor-placement=\"center-bottom\"><em><strong><em>Sie sprechen die finanzielle Performance an. Sehen Sie Zusammenh\u00e4nge zwischen dem Erfolg Ihres Unternehmens und dem Thema Nachhaltigkeit?<\/em><\/strong><\/em><\/p>\n\n\n\n<p class=\"gb-headline gb-headline-7219ef34 gb-headline-text aos-fade aos-once-false \" data-aos-anchor-placement=\"center-bottom\">Auf jeden Fall. Immer mehr Kunden und Gesch\u00e4ftspartner erwarten von uns, dass wir nachhaltig handeln, so z.B. bei der Herstellung und dem Versand unserer Produkte. Wir integrieren Prinzipien der Kreislaufwirtschaft immer st\u00e4rker in unsere Produktentwicklung und untermauern dadurch unsere Rolle als Technologief\u00fchrer in der Branche. Wir sehen Nachhaltigkeit aber nicht nur als Innovationstreiber, sondern auch als M\u00f6glichkeit, unternehmerische Risiken, z.B. bei der Energieversorgung, zu reduzieren. Deshalb bauen wir die Erzeugung und Nutzung regenerativer Energien konsequent aus und sch\u00fctzen dadurch auch das Klima.<\/p>\n\n\n\n<p class=\"gb-headline gb-headline-2f510c41 gb-headline-text aos-fade aos-once-false \" data-aos-anchor-placement=\"center-bottom\"><em><strong><em>Der Klimaschutz, aber auch das Thema Nachhaltigkeit steht momentan unter Druck. Gesetzliche Anforderungen werden unter dem Argument des B\u00fcrokratieabbaus zur\u00fcckgenommen oder abgeschw\u00e4cht. Empfinden auch Sie das als Erleichterung?<\/em>&nbsp;<\/strong><\/em><\/p>\n\n\n\n<p class=\"gb-headline gb-headline-aa9b2d29 gb-headline-text aos-fade aos-once-false \" data-aos-anchor-placement=\"center-bottom\">Bei DEHN verfolgen wir eine nachhaltige Ausrichtung nicht, um regulatorische Vorgaben einzuhalten, auch wenn wir an allen unseren Standorten rechtlichen Anforderungen uneingeschr\u00e4nkt gerecht werden. Unsere Motivation liegt vielmehr in der \u00dcberzeugung, dass wir durch nachhaltiges Handeln langfristig unsere Wettbewerbsposition st\u00e4rken k\u00f6nnen. Das, was wir momentan beobachten k\u00f6nnen, ist f\u00fcr mich zu kurz gedacht. Denn Herausforderungen wie der Klimawandel oder die Ressourcenknappheit werden noch intensiver werden. Mit Blick in die Zukunft m\u00fcssen wir uns ihnen heute schon stellen. Das treibt uns an, denn wir als Familienunternehmen sind es gewohnt, in langen Zeitr\u00e4umen zu denken.<\/p>\n\n\n\n<p class=\"gb-headline gb-headline-9c281d39 gb-headline-text aos-fade aos-once-false \" data-aos-anchor-placement=\"center-bottom\"><em><strong><em><em>Sie haben lange Zeitr\u00e4ume erw\u00e4hnt. Ist man als Familienunternehmen mit langer Historie nicht per se nachhaltig?<\/em>&nbsp;<\/em><\/strong><\/em><\/p>\n\n\n\n<p class=\"gb-headline gb-headline-3b4ab022 gb-headline-text aos-fade aos-once-false \" data-aos-anchor-placement=\"center-bottom\">Ich w\u00fcrde nicht behaupten, dass unsere 115-j\u00e4hrige Firmengeschichte allein Beweis genug f\u00fcr die Nachhaltigkeit unseres Unternehmens ist. Doch schon seit Beginn an war es f\u00fcr uns immer ein Grundprinzip, neben dem schonenden Umgang mit nat\u00fcrlichen Ressourcen, auch fair mit unseren Mitarbeitenden umzugehen. Wenn ich durch das Unternehmen gehe, treffe ich Menschen, deren Eltern und Gro\u00dfeltern schon f\u00fcr uns gearbeitet haben. In diesem generationen\u00fcbergreifenden Ansatz, den bereits mein Urgro\u00dfvater gepr\u00e4gt hat, kommt eine Verantwortung zum Ausdruck, die ich auch f\u00fcr mich sehe: Ich m\u00f6chte der f\u00fcnften Generation unserer Familie nicht nur ein zukunftsf\u00e4hig aufgestelltes Unternehmen hinterlassen, sondern auch ein intaktes soziales und \u00f6kologisches Umfeld, in dem sie ihre eigene Zukunft lebenswert gestalten kann.<\/p>\n\n<\/div>\n<\/div>\n<\/div>\n\n\n<style>\n.menu-bar-items, .menu-toggle, #primary-menu a, body #primary-menu > ul > li:first-child > a::after  {\n    color:#314150!important;\n}\n.site-header, .main-navigation:not(#generate-slideout-menu) .inside-navigation {\n\t  background-color: #ffffff!important;\n}\n<\/style>\n\n\n\n<p><\/p>\n","protected":false},"excerpt":{"rendered":"<p>Update 2024\/25 \u201eGenerationen\u00ad\u00fcbergreifendes Denken liegt in der DNA unseres Unternehmens\u201c Wir hatten die Gelegenheit, mit Dr. Philipp Dehn, CEO der DEHN SE und Ur-Enkel des Firmengr\u00fcnders, \u00fcber die Bedeutung des Themas Nachhaltigkeit zu sprechen \u2013 aus unternehmerischer und aus pers\u00f6nlicher Sicht.&nbsp;&nbsp; Herr Dr. Dehn, Ihr Unternehmen hat im vergangenen Jahr einen umfassenden Nachhaltigkeitsbericht ver\u00f6ffentlicht und &#8230; <a title=\"Im Gespr\u00e4ch mit unserem CEO Dr. Philipp Dehn\u00a0\" class=\"read-more\" href=\"https:\/\/www.dehn.de\/de-DE\/nachhaltigkeitsbericht\/interview\/\" aria-label=\"Mehr Informationen \u00fcber Im Gespr\u00e4ch mit unserem CEO Dr. Philipp Dehn\u00a0\">Weiterlesen<\/a><\/p>\n","protected":false},"author":3,"featured_media":0,"parent":0,"menu_order":0,"comment_status":"closed","ping_status":"closed","template":"","meta":{"inline_featured_image":false,"footnotes":""},"class_list":["post-2213","page","type-page","status-publish"],"_links":{"self":[{"href":"https:\/\/www.dehn.de\/de-DE\/nachhaltigkeitsbericht\/wp-json\/wp\/v2\/pages\/2213","targetHints":{"allow":["GET"]}}],"collection":[{"href":"https:\/\/www.dehn.de\/de-DE\/nachhaltigkeitsbericht\/wp-json\/wp\/v2\/pages"}],"about":[{"href":"https:\/\/www.dehn.de\/de-DE\/nachhaltigkeitsbericht\/wp-json\/wp\/v2\/types\/page"}],"author":[{"embeddable":true,"href":"https:\/\/www.dehn.de\/de-DE\/nachhaltigkeitsbericht\/wp-json\/wp\/v2\/users\/3"}],"replies":[{"embeddable":true,"href":"https:\/\/www.dehn.de\/de-DE\/nachhaltigkeitsbericht\/wp-json\/wp\/v2\/comments?post=2213"}],"version-history":[{"count":3,"href":"https:\/\/www.dehn.de\/de-DE\/nachhaltigkeitsbericht\/wp-json\/wp\/v2\/pages\/2213\/revisions"}],"predecessor-version":[{"id":2247,"href":"https:\/\/www.dehn.de\/de-DE\/nachhaltigkeitsbericht\/wp-json\/wp\/v2\/pages\/2213\/revisions\/2247"}],"wp:attachment":[{"href":"https:\/\/www.dehn.de\/de-DE\/nachhaltigkeitsbericht\/wp-json\/wp\/v2\/media?parent=2213"}],"curies":[{"name":"wp","href":"https:\/\/api.w.org\/{rel}","templated":true}]}}

Im Gespräch mit unserem CEO Dr. Philipp Dehn

<div class="gb-container gb-container-d2888456">
<div class="gb-container gb-container-b1d3ce52">
<div class="gb-container gb-container-38eb70ee">

<p class="gb-headline gb-headline-1ac95ed3 gb-headline-text"><a href="../">zurück zur Übersicht</a></p>

</div>

<div class="gb-container gb-container-85de1d1d">
<div class="gb-container gb-container-840331b8 aos-fade aos-once-false" data-aos-anchor-placement="center-bottom">

<h3 class="gb-headline gb-headline-ee422222 aos-fade aos-once-false" data-aos-anchor-placement="bottom-bottom"><span class="gb-icon"><svg xmlns="http://www.w3.org/2000/svg" fill="none" viewBox="0 0 196 196" height="196" width="196"> <path fill="#35C700" d="M90.4112 31.097C90.0068 29.5877 90.8906 28.0568 92.4808 27.9542C108.986 26.7669 125.739 31.3365 139.944 42.089C170.73 65.2217 177.003 109.158 153.568 140.025L143.781 153L170.344 145.883C171.551 145.559 173.001 146.141 173.405 147.65C173.729 148.858 172.845 150.389 171.638 150.712L137.83 159.771C136.321 160.175 135.092 159.211 134.768 158.003L125.71 124.196C125.305 122.687 125.968 121.538 127.477 121.134C128.685 120.81 130.135 121.392 130.539 122.902L138.304 151.879L149.8 136.829C171.305 108.42 165.539 67.5831 136.748 45.8571C123.772 36.0694 108.086 31.8609 92.8693 33.0265C91.581 33.0482 90.7347 32.3044 90.4112 31.097ZM61.1908 37.956L70.2494 71.7634C70.5729 72.9708 69.6891 74.5017 68.4817 74.8252C66.9724 75.2297 65.7433 74.2649 65.4198 73.0575L57.4935 43.476L45.6953 58.6077C24.1903 87.0166 29.9561 127.853 58.6669 149.277C71.7231 159.367 87.4094 163.575 102.626 162.41C103.834 162.086 105.063 163.051 105.386 164.259C105.791 165.768 104.605 167.38 103.015 167.482C86.8115 168.589 69.7561 164.1 55.5516 153.347C24.7654 130.215 18.4927 86.2786 41.9272 55.4115L51.5748 43.1207L25.6156 50.0765C24.1063 50.4809 22.8772 49.5162 22.5537 48.3087C22.1493 46.7995 22.8122 45.6513 24.3215 45.2469L58.1289 36.1882C59.3363 35.8647 60.7863 36.4467 61.1908 37.956Z"></path> <path fill="#35C700" d="M86.7525 99.8632C88.5926 98.3996 90.8258 97.3159 93.2708 96.6608L101.964 94.3314C102.689 94.1373 103.607 94.6676 103.801 95.3921C104.02 96.2071 103.465 97.0351 102.741 97.2292L94.0472 99.5586C91.4211 100.262 89.1459 101.551 87.2881 103.311C89.2712 110.35 96.5712 114.411 103.725 112.495C113.596 109.85 119.892 97.4865 116.276 83.9937C115.718 81.9109 114.913 79.9915 114.041 78.1869C112.244 80.9005 109.505 82.9933 106.155 83.8911L96.7369 86.4145C90.5792 88.0645 86.5579 93.7037 86.7525 99.8632ZM83.9293 102.367C82.4699 94.0226 87.6294 85.7491 95.9605 83.5168L105.378 80.9933C108.548 80.144 110.967 77.9429 112.262 75.1695L112.237 75.079C112.436 74.7345 112.545 74.4143 112.653 74.0941C112.695 73.8887 112.803 73.5685 112.821 73.2726C113.038 72.6322 113.919 72.299 114.361 72.8601C114.548 73.1981 114.712 73.4455 114.899 73.7834C115.087 74.1214 115.341 74.3445 115.528 74.6825L115.553 74.773C117.12 77.3619 118.349 80.1383 119.174 83.2172C123.08 97.7967 116.545 112.165 104.592 115.368L104.502 115.392C96.3515 117.576 88.049 113.395 84.9419 105.784C82.1204 109.742 81.0454 114.786 82.3799 119.767L83.1564 122.665C83.3748 123.48 82.8202 124.308 82.0957 124.502C81.2807 124.72 80.477 124.256 80.2586 123.441L79.4822 120.543C77.7109 113.933 79.5748 107.125 83.9293 102.367Z"></path> </svg></span><span class="gb-headline-text">Update 2024/25</span></h3>

</div>


<h1 class="gb-headline gb-headline-40f42933 gb-headline-text aos-fade aos-once-false" data-aos-anchor-placement="center-bottom">„Generationen­übergreifendes Denken liegt in der DNA unseres Unternehmens“</h1>



<figure class="gb-block-image gb-block-image-b3474f9b"><img loading="lazy" decoding="async" width="800" height="500" class="gb-image gb-image-b3474f9b aos-fade aos-once-false aos-delay-400" src="https://www.dehn.de/de-DE/nachhaltigkeitsbericht/wp-content/uploads/2025/10/Portrait_DrDehn-1.jpg" alt="" title="Portrait_DrDehn-1" srcset="https://www.dehn.de/de-DE/nachhaltigkeitsbericht/wp-content/uploads/2025/10/Portrait_DrDehn-1.jpg 800w, https://www.dehn.de/de-DE/nachhaltigkeitsbericht/wp-content/uploads/2025/10/Portrait_DrDehn-1-300x188.jpg 300w, https://www.dehn.de/de-DE/nachhaltigkeitsbericht/wp-content/uploads/2025/10/Portrait_DrDehn-1-768x480.jpg 768w" sizes="auto, (max-width: 800px) 100vw, 800px" /></figure>



<p class="gb-headline gb-headline-11a8677e gb-headline-text p2 aos-fade aos-once-false " data-aos-anchor-placement="center-bottom"><strong>Wir hatten die Gelegenheit, mit Dr. Philipp Dehn, CEO der DEHN SE und Ur-Enkel des Firmengründers, über die Bedeutung des Themas Nachhaltigkeit zu sprechen – aus unternehmerischer und aus persönlicher Sicht.&nbsp;</strong>&nbsp;</p>



<p class="gb-headline gb-headline-96355719 gb-headline-text aos-fade aos-once-false " data-aos-anchor-placement="center-bottom"><em><strong><em>Herr Dr. Dehn, Ihr Unternehmen hat im vergangenen Jahr einen umfassenden Nachhaltigkeitsbericht veröffentlicht und knüpft dieses Jahr mit einem Update daran an. Warum?</em>&nbsp;</strong></em></p>



<p class="gb-headline gb-headline-1a9611b1 gb-headline-text aos-fade aos-once-false " data-aos-anchor-placement="center-bottom">Um transparent zu sein – sowohl in Bezug auf unsere Nachhaltigkeitsstrategie als auch auf die damit verbunden Ziele und Maßnahmen. Wir möchten zeigen, was wir schon erreicht haben, scheuen uns aber auch nicht davor, die Dinge anzusprechen, bei denen wir noch besser werden können. Und weil wir deutlich machen wollen, dass für uns ökologische und soziale Aspekte genauso wichtig sind wie unsere finanzielle Leistung. Daher war es für uns selbstverständlich, diese Transparenz gegenüber unseren Stakeholdern herzustellen.</p>



<p class="gb-headline gb-headline-b291e8e1 gb-headline-text aos-fade aos-once-false " data-aos-anchor-placement="center-bottom"><em><strong><em>Sie sprechen die finanzielle Performance an. Sehen Sie Zusammenhänge zwischen dem Erfolg Ihres Unternehmens und dem Thema Nachhaltigkeit?</em></strong></em></p>



<p class="gb-headline gb-headline-7219ef34 gb-headline-text aos-fade aos-once-false " data-aos-anchor-placement="center-bottom">Auf jeden Fall. Immer mehr Kunden und Geschäftspartner erwarten von uns, dass wir nachhaltig handeln, so z.B. bei der Herstellung und dem Versand unserer Produkte. Wir integrieren Prinzipien der Kreislaufwirtschaft immer stärker in unsere Produktentwicklung und untermauern dadurch unsere Rolle als Technologieführer in der Branche. Wir sehen Nachhaltigkeit aber nicht nur als Innovationstreiber, sondern auch als Möglichkeit, unternehmerische Risiken, z.B. bei der Energieversorgung, zu reduzieren. Deshalb bauen wir die Erzeugung und Nutzung regenerativer Energien konsequent aus und schützen dadurch auch das Klima.</p>



<p class="gb-headline gb-headline-2f510c41 gb-headline-text aos-fade aos-once-false " data-aos-anchor-placement="center-bottom"><em><strong><em>Der Klimaschutz, aber auch das Thema Nachhaltigkeit steht momentan unter Druck. Gesetzliche Anforderungen werden unter dem Argument des Bürokratieabbaus zurückgenommen oder abgeschwächt. Empfinden auch Sie das als Erleichterung?</em>&nbsp;</strong></em></p>



<p class="gb-headline gb-headline-aa9b2d29 gb-headline-text aos-fade aos-once-false " data-aos-anchor-placement="center-bottom">Bei DEHN verfolgen wir eine nachhaltige Ausrichtung nicht, um regulatorische Vorgaben einzuhalten, auch wenn wir an allen unseren Standorten rechtlichen Anforderungen uneingeschränkt gerecht werden. Unsere Motivation liegt vielmehr in der Überzeugung, dass wir durch nachhaltiges Handeln langfristig unsere Wettbewerbsposition stärken können. Das, was wir momentan beobachten können, ist für mich zu kurz gedacht. Denn Herausforderungen wie der Klimawandel oder die Ressourcenknappheit werden noch intensiver werden. Mit Blick in die Zukunft müssen wir uns ihnen heute schon stellen. Das treibt uns an, denn wir als Familienunternehmen sind es gewohnt, in langen Zeiträumen zu denken.</p>



<p class="gb-headline gb-headline-9c281d39 gb-headline-text aos-fade aos-once-false " data-aos-anchor-placement="center-bottom"><em><strong><em><em>Sie haben lange Zeiträume erwähnt. Ist man als Familienunternehmen mit langer Historie nicht per se nachhaltig?</em>&nbsp;</em></strong></em></p>



<p class="gb-headline gb-headline-3b4ab022 gb-headline-text aos-fade aos-once-false " data-aos-anchor-placement="center-bottom">Ich würde nicht behaupten, dass unsere 115-jährige Firmengeschichte allein Beweis genug für die Nachhaltigkeit unseres Unternehmens ist. Doch schon seit Beginn an war es für uns immer ein Grundprinzip, neben dem schonenden Umgang mit natürlichen Ressourcen, auch fair mit unseren Mitarbeitenden umzugehen. Wenn ich durch das Unternehmen gehe, treffe ich Menschen, deren Eltern und Großeltern schon für uns gearbeitet haben. In diesem generationenübergreifenden Ansatz, den bereits mein Urgroßvater geprägt hat, kommt eine Verantwortung zum Ausdruck, die ich auch für mich sehe: Ich möchte der fünften Generation unserer Familie nicht nur ein zukunftsfähig aufgestelltes Unternehmen hinterlassen, sondern auch ein intaktes soziales und ökologisches Umfeld, in dem sie ihre eigene Zukunft lebenswert gestalten kann.</p>

</div>
</div>
</div>


<style>
.menu-bar-items, .menu-toggle, #primary-menu a, body #primary-menu > ul > li:first-child > a::after  {
    color:#314150!important;
}
.site-header, .main-navigation:not(#generate-slideout-menu) .inside-navigation {
	  background-color: #ffffff!important;
}
</style>



<p></p>

<p>Update 2024/25 „Generationen­übergreifendes Denken liegt in der DNA unseres Unternehmens“ Wir hatten die Gelegenheit, mit Dr. Philipp Dehn, CEO der DEHN SE und Ur-Enkel des Firmengründers, über die Bedeutung des Themas Nachhaltigkeit zu sprechen – aus unternehmerischer und aus persönlicher Sicht.&nbsp;&nbsp; Herr Dr. Dehn, Ihr Unternehmen hat im vergangenen Jahr einen umfassenden Nachhaltigkeitsbericht veröffentlicht und &#8230; <a title="Im Gespräch mit unserem CEO Dr. Philipp Dehn " class="read-more" href="https://www.dehn.de/de-DE/nachhaltigkeitsbericht/interview/" aria-label="Mehr Informationen über Im Gespräch mit unserem CEO Dr. Philipp Dehn ">Weiterlesen</a></p>
